{"id":2901,"date":"2016-03-29T21:43:13","date_gmt":"2016-03-29T18:43:13","guid":{"rendered":"http:\/\/test.crearesiteuri.eu\/?page_id=2901"},"modified":"2016-04-29T08:16:36","modified_gmt":"2016-04-29T05:16:36","slug":"cookie-policy","status":"publish","type":"page","link":"https:\/\/www.bjcalarasi.ro\/?page_id=2901","title":{"rendered":"Politica de cookies"},"content":{"rendered":"<p>[vc_row][vc_column][vc_column_text]Acest site foloseste cookie-uri &#8211; fi\u0219iere text mici &#8211; care sunt plasate pe aparatul dumneavoastr\u0103 pentru a ajuta site-ul nostru de a oferi o experien\u021b\u0103 de utilizare mai bun\u0103. \u00cen general, cookie-urile sunt folosite pentru a re\u021bine preferin\u021bele utilizatorilor s\u0103 stocheze informa\u021bii pentru lucruri cum ar fi lucrurile cele mai vizionate de pe websiteul nostru, \u0219i s\u0103 furnizeze date de urm\u0103rire la aplica\u021bii ter\u021be anonime p\u0103r\u021bi cum ar fi Google Analytics. Ca regul\u0103, cookie-urile vor face experien\u021ba de navigare mai bun\u0103. Cu toate acestea, este posibil s\u0103 prefera\u021bi s\u0103 dezactiva\u021bi cookie-urile de pe acest site si pe altele. Cel mai eficient mod de a face acest lucru este de a dezactiva cookie-urile din browser-ul dumneavoastra. V\u0103 suger\u0103m s\u0103 consulta\u021bi sec\u021biunea de ajutor a browser-ului sau de a arunca o privire la site-ul web de specialitate, care ofer\u0103 \u00eendrumare pentru toate browserele moderne.<\/p>\n<p>Pentru mai multe informatii puteti accesa urmatorul link :\u00a0<a href=\"https:\/\/ro.wikipedia.org\/wiki\/Cookie\">https:\/\/ro.wikipedia.org\/wiki\/Cookie<\/a>\u00a0.[\/vc_column_text][\/vc_column][\/vc_row]<\/p>\n","protected":false},"excerpt":{"rendered":"<p>[vc_row][vc_column][vc_column_text]Acest site foloseste cookie-uri &#8211; fi\u0219iere text mici &#8211; care sunt plasate pe aparatul dumneavoastr\u0103 pentru a ajuta site-ul nostru de a oferi o experien\u021b\u0103 de utilizare mai bun\u0103. \u00cen general, cookie-urile sunt folosite pentru a re\u021bine preferin\u021bele utilizatorilor s\u0103 stocheze informa\u021bii pentru lucruri cum ar fi lucrurile cele mai vizionate de pe websiteul nostru, [&hellip;]<\/p>\n","protected":false},"author":1,"featured_media":0,"parent":0,"menu_order":0,"comment_status":"closed","ping_status":"closed","template":"","meta":{"ngg_post_thumbnail":0,"footnotes":""},"class_list":["post-2901","page","type-page","status-publish","hentry"],"_links":{"self":[{"href":"https:\/\/www.bjcalarasi.ro\/index.php?rest_route=\/wp\/v2\/pages\/2901","targetHints":{"allow":["GET"]}}],"collection":[{"href":"https:\/\/www.bjcalarasi.ro\/index.php?rest_route=\/wp\/v2\/pages"}],"about":[{"href":"https:\/\/www.bjcalarasi.ro\/index.php?rest_route=\/wp\/v2\/types\/page"}],"author":[{"embeddable":true,"href":"https:\/\/www.bjcalarasi.ro\/index.php?rest_route=\/wp\/v2\/users\/1"}],"replies":[{"embeddable":true,"href":"https:\/\/www.bjcalarasi.ro\/index.php?rest_route=%2Fwp%2Fv2%2Fcomments&post=2901"}],"version-history":[{"count":5,"href":"https:\/\/www.bjcalarasi.ro\/index.php?rest_route=\/wp\/v2\/pages\/2901\/revisions"}],"predecessor-version":[{"id":3075,"href":"https:\/\/www.bjcalarasi.ro\/index.php?rest_route=\/wp\/v2\/pages\/2901\/revisions\/3075"}],"wp:attachment":[{"href":"https:\/\/www.bjcalarasi.ro\/index.php?rest_route=%2Fwp%2Fv2%2Fmedia&parent=2901"}],"curies":[{"name":"wp","href":"https:\/\/api.w.org\/{rel}","templated":true}]}}