{"id":7441,"date":"2025-02-26T20:41:40","date_gmt":"2025-02-26T18:41:40","guid":{"rendered":"https:\/\/www.bjcalarasi.ro\/?page_id=7441"},"modified":"2025-07-09T13:40:31","modified_gmt":"2025-07-09T10:40:31","slug":"responsabil-legea-544","status":"publish","type":"page","link":"https:\/\/www.bjcalarasi.ro\/?page_id=7441","title":{"rendered":"Numele \u0219i prenumele persoanei responsabile pentru Legea nr. 544\/2001"},"content":{"rendered":"[vc_row][vc_column][vc_column_text]<p><\/p>\n<p>Responsabil cu \u00eendeplinirea sarcinilor prev\u0103zute de legea nr. 544\/2001 privind liberul acces la informa\u0163iile de interes public:<\/p>\n<p><\/p>\n<p><\/p>\n<p><strong><em>Nicoleta Rotaru<\/em><\/strong><\/p>\n<p><\/p>\n<p><\/p>\n<p>Cererea poate fi trimisa \u00een format electronic, pe adresa oficial\u0103 de po\u0219t\u0103 electronic\u0103:<\/p>\n<p><\/p>\n<p><\/p>\n<p><strong><em>alexandruodobescu@bjcalarasi.ro<\/em><\/strong><\/p>\n<p><\/p>\n<p><\/p>\n<p><strong>________________<\/strong><\/p>\n<p><\/p>\n<p><\/p>\n<p><\/p>\n<p><!-- \/wp:post-content --><\/p>\n<p><!-- wp:file {\"id\":7523,\"href\":\"https:\/\/www.bjcalarasi.ro\/wp-content\/uploads\/2025\/04\/Lista-cuprinzand-documentele-de-interes-public.pdf\",\"displayPreview\":true} --><\/p>\n<p><!-- \/wp:file --><\/p>\n<p><!-- \/wp:list --><\/p>\n<p><!-- wp:file {\"id\":7478,\"href\":\"https:\/\/www.bjcalarasi.ro\/wp-content\/uploads\/2025\/03\/Raport-de-evaluare-2024.pdf\",\"displayPreview\":true} --><\/p>\n<p><!-- \/wp:file --><\/p>\n<p><!-- wp:details --><\/p>\n<details class=\"wp-block-details\">\n<summary>Baza legal\u0103<br>Legea nr. 544 din 12 octombrie 2001 privind liberul acces la informa\u0163iile de interes public<br>Art. 1. \u2013 Accesul liber \u015fi ne\u00eengr\u0103dit al persoanei la orice informa\u0163ii de interes public, definite astfel prin prezenta lege, constituie unul dintre principiile fundamentale ale rela\u0163iilor dintre persoane \u015fi autorit\u0103\u0163ile publice, \u00een conformitate cu Constitu\u0163ia Rom\u00e2niei \u015fi cu documentele interna\u0163ionale ratificate de Parlamentul Rom\u00e2niei.<br>Art. 2. \u2013 \u00cen sensul prezentei legi:<br>a) prin autoritate sau institu\u0163ie public\u0103 se \u00een\u0163elege orice autoritate sau institu\u0163ie public\u0103 ce utilizeaz\u0103 sau administreaz\u0103 resurse financiare publice, orice regie autonom\u0103, societate reglementat\u0103 de Legea societ\u0103\u021bilor nr. 31\/1990, republicat\u0103, cu modific\u0103rile \u0219i complet\u0103rile ulterioare, aflat\u0103 sub autoritatea sau, dup\u0103 caz, \u00een coordonarea ori \u00een subordinea unei autorit\u0103\u021bi publice centrale sau locale \u0219i la care statul rom\u00e2n sau, dup\u0103 caz, o unitate administrativ-teritorial\u0103 este ac\u021bionar unic sau majoritar, precum \u0219i orice operator sau operator regional, astfel cum ace\u0219tia sunt defini\u021bi \u00een Legea serviciilor comunitare de utilit\u0103\u021bi publice nr. 51\/2006, republicat\u0103, cu modific\u0103rile \u0219i complet\u0103rile ulterioare. De asemenea, se supun prevederilor prezentei legi partidele politice, federa\u021biile sportive \u0219i organiza\u021biile neguvernamentale de utilitate public\u0103, care beneficiaz\u0103 de finan\u021bare din bani publici;<br>prin autoritate sau institu\u0163ie public\u0103 se \u00een\u0163elege orice autoritate sau institu\u0163ie public\u0103, precum \u015fi orice regie autonom\u0103 care utilizeaz\u0103 resurse financiare publice \u015fi care \u00ee\u015fi desf\u0103\u015foar\u0103 activitatea pe teritoriul Rom\u00e2niei, potrivit Constitu\u0163iei;<br>b) prin informa\u0163ie de interes public se \u00een\u0163elege orice informa\u0163ie care prive\u015fte activit\u0103\u0163ile sau rezult\u0103 din activit\u0103\u0163ile unei autorit\u0103\u0163i publice sau institu\u0163ii publice, indiferent de suportul ori de forma sau de modul de exprimare a informa\u0163iei;<br>c) prin informa\u0163ie cu privire la datele personale se \u00een\u0163elege orice informa\u0163ie privind o persoan\u0103 fizic\u0103 identificat\u0103 sau identificabil\u0103.<br>Art. 3. \u2013 Asigurarea de c\u0103tre autorit\u0103\u0163ile \u015fi institu\u0163iile publice a accesului la informa\u0163iile de interes public se face din oficiu sau la cerere, prin intermediul compartimentului pentru rela\u0163ii publice sau al persoanei desemnate \u00een acest scop.<br>Art. 4. \u2013 (1) Pentru asigurarea accesului oric\u0103rei persoane la informa\u0163iile de interes public autorit\u0103\u0163ile \u015fi institu\u0163iile publice au obliga\u0163ia de a organiza compartimente specializate de informare \u015fi rela\u0163ii publice sau de a desemna persoane cu atribu\u0163ii \u00een acest domeniu.<br>Art. 5. \u2013 (1) Fiecare autoritate sau institu\u0163ie public\u0103 are obliga\u0163ia s\u0103 comunice din oficiu urm\u0103toarele informa\u0163ii de interes public:<br>a) actele normative care reglementeaz\u0103 organizarea \u015fi func\u0163ionarea autorit\u0103\u0163ii sau institu\u0163iei publice;<br>b) structura organizatoric\u0103, atribu\u0163iile departamentelor, programul de func\u0163ionare, programul de audien\u0163e al autorit\u0103\u0163ii sau institu\u0163iei publice;<br>c) numele \u015fi prenumele persoanelor din conducerea autorit\u0103\u0163ii sau a institu\u0163iei publice \u015fi ale func\u0163ionarului responsabil cu difuzarea informa\u0163iilor publice;<br>d) coordonatele de contact ale autorit\u0103\u0163ii sau institu\u0163iei publice, respectiv: denumirea, sediul, numerele de telefon, fax, adresa de e-mail \u015fi adresa paginii de Internet;<br>e) sursele financiare, bugetul \u015fi bilan\u0163ul contabil;<br>f) programele \u015fi strategiile proprii;<br>g) lista cuprinz\u00e2nd documentele de interes public;<br>h) lista cuprinz\u00e2nd categoriile de documente produse \u015fi\/sau gestionate, potrivit legii;<br>i) modalit\u0103\u0163ile de contestare a deciziei autorit\u0103\u0163ii sau a institu\u0163iei publice \u00een situa\u0163ia \u00een care persoana se consider\u0103 v\u0103t\u0103mat\u0103 \u00een privin\u0163a dreptului de acces la informa\u0163iile de interes public solicitate.<br>(4) Accesul la informa\u0163iile prev\u0103zute la alin. (1) se realizeaz\u0103 prin:<br>a) afi\u015fare la sediul autorit\u0103\u0163ii sau al institu\u0163iei publice ori prin publicare \u00een Monitorul Oficial al Rom\u00e2niei sau \u00een mijloacele de informare \u00een mas\u0103, \u00een publica\u0163ii proprii, precum \u015fi \u00een pagina de Internet proprie;<br>b) consultarea lor la sediul autorit\u0103\u0163ii sau al institu\u0163iei publice, \u00een spa\u0163ii special destinate acestui scop.<br>Art. 6. \u2013 (1) Orice persoan\u0103 are dreptul s\u0103 solicite \u015fi s\u0103 ob\u0163in\u0103 de la autorit\u0103\u0163ile \u015fi institu\u0163iile publice, \u00een condi\u0163iile prezentei legi, informa\u0163iile de interes public.<br>(2) Autorit\u0103\u0163ile \u015fi institu\u0163iile publice sunt obligate s\u0103 asigure persoanelor, la cererea acestora, informa\u0163iile de interes public solicitate \u00een scris sau verbal.<br>(3) Solicitarea \u00een scris a informa\u0163iilor de interes public cuprinde urm\u0103toarele elemente:<br>a) autoritatea sau institu\u0163ia public\u0103 la care se adreseaz\u0103 cererea;<br>b) informa\u0163ia solicitat\u0103, astfel \u00eenc\u00e2t s\u0103 permit\u0103 autorit\u0103\u0163ii sau institu\u0163iei publice identificarea informa\u0163iei de interes public;<br>c) numele, prenumele \u015fi semn\u0103tura solicitantului, precum \u015fi adresa la care se solicit\u0103 primirea r\u0103spunsului.<br>Art. 7. \u2013 (1) Autorit\u0103\u0163ile \u015fi institu\u0163iile publice au obliga\u0163ia s\u0103 r\u0103spund\u0103 \u00een scris la solicitarea informa\u0163iilor de interes public \u00een termen de 10 zile sau, dup\u0103 caz, \u00een cel mult 30 de zile de la \u00eenregistrarea solicit\u0103rii, \u00een func\u0163ie de dificultatea, complexitatea, volumul lucr\u0103rilor documentare \u015fi de urgen\u0163a solicit\u0103rii. \u00cen cazul \u00een care durata necesar\u0103 pentru identificarea \u015fi difuzarea informa\u0163iei solicitate dep\u0103\u015fe\u015fte 10 zile, r\u0103spunsul va fi comunicat solicitantului \u00een maximum 30 de zile, cu condi\u0163ia \u00een\u015ftiin\u0163\u0103rii acestuia \u00een scris despre acest fapt \u00een termen de 10 zile.<br>(2) Refuzul comunic\u0103rii informa\u0163iilor solicitate se motiveaz\u0103 \u015fi se comunic\u0103 \u00een termen de 5 zile de la primirea peti\u0163iilor.<br>(3) Solicitarea \u015fi ob\u0163inerea informa\u0163iilor de interes public se pot realiza, dac\u0103 sunt \u00eentrunite condi\u0163iile tehnice necesare, \u015fi \u00een format electronic.<br>Art. 8. \u2013 (1) Pentru informa\u0163iile solicitate verbal func\u0163ionarii din cadrul compartimentelor de informare \u015fi rela\u0163ii publice au obliga\u0163ia s\u0103 precizeze condi\u0163iile \u015fi formele \u00een care are loc accesul la informa\u0163iile de interes public \u015fi pot furniza pe loc informa\u0163iile solicitate.<br>2) \u00cen cazul \u00een care informa\u0163iile solicitate nu sunt disponibile pe loc, persoana este \u00eendrumat\u0103 s\u0103 solicite \u00een scris informa\u0163ia de interes public, urm\u00e2nd ca cererea s\u0103 \u00eei fie rezolvat\u0103 \u00een termenele prev\u0103zute la art. 7.<br>(3) Informa\u0163iile de interes public solicitate verbal se comunic\u0103 \u00een cadrul unui program minim stabilit de conducerea autorit\u0103\u0163ii sau institu\u0163iei publice, care va fi afi\u015fat la sediul acesteia \u015fi care se va desf\u0103\u015fura \u00een mod obligatoriu \u00een timpul func\u0163ion\u0103rii institu\u0163iei, incluz\u00e2nd \u015fi o zi pe s\u0103pt\u0103m\u00e2n\u0103, dup\u0103 programul de func\u0163ionare.<br>(5) Informa\u0163iile de interes public solicitate verbal de c\u0103tre mijloacele de informare \u00een mas\u0103 vor fi comunicate, de regul\u0103, imediat sau \u00een cel mult 24 de ore.<br>Art. 9. \u2013 (1) \u00cen cazul \u00een care solicitarea de informa\u0163ii implic\u0103 realizarea de copii de pe documentele de\u0163inute de autoritatea sau institu\u0163ia public\u0103, costul serviciilor de copiere este suportat de solicitant, \u00een condi\u0163iile legii.<br>Art. 12. \u2013 (1) Se excepteaz\u0103 de la accesul liber al cet\u0103\u0163enilor, prev\u0103zut la art. 1 \u0219i, respectiv, la art. 11^1, urm\u0103toarele informa\u0163ii:<br>a) informa\u0163iile din domeniul ap\u0103r\u0103rii na\u0163ionale, siguran\u0163ei \u015fi ordinii publice, dac\u0103 fac parte din categoriile informa\u0163iilor clasificate, potrivit legii;<br>b) informa\u0163iile privind deliber\u0103rile autorit\u0103\u0163ilor, precum \u015fi cele care privesc interesele economice \u015fi politice ale Rom\u00e2niei, dac\u0103 fac parte din categoria informa\u0163iilor clasificate, potrivit legii;<br>c) informa\u0163iile privind activit\u0103\u0163ile comerciale sau financiare, dac\u0103 publicitatea acestora aduce atingere dreptului de proprietate intelectual\u0103 ori industrial\u0103, precum \u0219i principiului concuren\u0163ei loiale, potrivit legii;<br>d) informa\u0163iile cu privire la datele personale, potrivit legii;<br>e) informa\u0163iile privind procedura \u00een timpul anchetei penale sau disciplinare, dac\u0103 se pericliteaz\u0103 rezultatul anchetei, se dezv\u0103luie surse confiden\u0163iale ori se pun \u00een pericol via\u0163a, integritatea corporal\u0103, s\u0103n\u0103tatea unei persoane \u00een urma anchetei efectuate sau \u00een curs de desf\u0103\u015furare;<br>f) informa\u0163iile privind procedurile judiciare, dac\u0103 publicitatea acestora aduce atingere asigur\u0103rii unui proces echitabil ori interesului legitim al oric\u0103reia dintre p\u0103r\u0163ile implicate \u00een proces;<br>g) informa\u0163iile a c\u0103ror publicare prejudiciaz\u0103 m\u0103surile de protec\u0163ie a tinerilor.<br>(2) R\u0103spunderea pentru aplicarea m\u0103surilor de protejare a informa\u0163iilor apar\u0163in\u00e2nd categoriilor prev\u0103zute la alin. (1) revine persoanelor \u015fi autorit\u0103\u0163ilor publice care de\u0163in astfel de informa\u0163ii, precum \u015fi institu\u0163iilor publice abilitate prin lege s\u0103 asigure securitatea informa\u0163iilor.<br>Art. 21. \u2013 (1) Refuzul explicit sau tacit al angajatului desemnat al unei autorit\u0103\u0163i ori institu\u0163ii publice pentru aplicarea prevederilor prezentei legi constituie abatere \u015fi atrage r\u0103spunderea disciplinar\u0103 a celui vinovat.<br>(2) \u00cempotriva refuzului prev\u0103zut la alin. (1) se poate depune reclama\u0163ie la conduc\u0103torul autorit\u0103\u0163ii sau al institu\u0163iei publice respective \u00een termen de 30 de zile de la luarea la cuno\u015ftin\u0163\u0103 de c\u0103tre persoana lezat\u0103.<br>(3) Dac\u0103 dup\u0103 cercetarea administrativ\u0103 reclama\u0163ia se dovede\u015fte \u00eentemeiat\u0103, r\u0103spunsul se transmite persoanei lezate \u00een termen de 15 zile de la depunerea reclama\u0163iei \u015fi va con\u0163ine at\u00e2t informa\u0163iile de interes public solicitate ini\u0163ial, c\u00e2t \u015fi men\u0163ionarea sanc\u0163iunilor disciplinare luate \u00eempotriva celui vinovat.<br>Art. 22. \u2013 (1) \u00cen cazul \u00een care o persoan\u0103 se consider\u0103 v\u0103t\u0103mat\u0103 \u00een drepturile sale, prev\u0103zute \u00een prezenta lege, aceasta poate face pl\u00e2ngere la sec\u0163ia de contencios administrativ a tribunalului \u00een a c\u0103rei raz\u0103 teritorial\u0103 domiciliaz\u0103 sau \u00een a c\u0103rei raz\u0103 teritorial\u0103 se afl\u0103 sediul autorit\u0103\u0163ii ori al institu\u0163iei publice. Pl\u00e2ngerea se face \u00een termen de 30 de zile de la data expir\u0103rii termenului prev\u0103zut la art. 7.<br>(2) Instan\u0163a poate obliga autoritatea sau institu\u0163ia public\u0103 s\u0103 furnizeze informa\u0163iile de interes public solicitate \u015fi s\u0103 pl\u0103teasc\u0103 daune morale \u015fi\/sau patrimoniale.<br>(3) Hot\u0103r\u00e2rea tribunalului este supus\u0103 recursului.<br>(4) Decizia Cur\u0163ii de apel este definitiv\u0103 \u015fi irevocabil\u0103.<br>(5) At\u00e2t pl\u00e2ngerea, c\u00e2t \u015fi apelul se judec\u0103 \u00een instan\u0163\u0103 \u00een procedur\u0103 de urgen\u0163\u0103 \u015fi sunt scutite de tax\u0103 de timbru.<\/summary>\n<p><!-- wp:paragraph {\"placeholder\":\"Tasteaz\u0103\/pentru a ad\u0103uga un bloc ascuns\"} --><\/p>\n<p><!-- \/wp:paragraph --><\/p>\n<\/details>\n<p><!-- \/wp:details --><\/p>[\/vc_column_text][\/vc_column][\/vc_row]","protected":false},"excerpt":{"rendered":"<p>[vc_row][vc_column][vc_column_text] Responsabil cu \u00eendeplinirea sarcinilor prev\u0103zute de legea nr. 544\/2001 privind liberul acces la informa\u0163iile de interes public: Nicoleta Rotaru Cererea poate fi trimisa \u00een format electronic, pe adresa oficial\u0103 de po\u0219t\u0103 electronic\u0103: alexandruodobescu@bjcalarasi.ro ________________ Baza legal\u0103Legea nr. 544 din 12 octombrie 2001 privind liberul acces la informa\u0163iile de interes publicArt. 1. \u2013 Accesul liber [&hellip;]<\/p>\n","protected":false},"author":1,"featured_media":0,"parent":0,"menu_order":0,"comment_status":"closed","ping_status":"closed","template":"","meta":{"ngg_post_thumbnail":0,"footnotes":""},"class_list":["post-7441","page","type-page","status-publish","hentry"],"_links":{"self":[{"href":"https:\/\/www.bjcalarasi.ro\/index.php?rest_route=\/wp\/v2\/pages\/7441","targetHints":{"allow":["GET"]}}],"collection":[{"href":"https:\/\/www.bjcalarasi.ro\/index.php?rest_route=\/wp\/v2\/pages"}],"about":[{"href":"https:\/\/www.bjcalarasi.ro\/index.php?rest_route=\/wp\/v2\/types\/page"}],"author":[{"embeddable":true,"href":"https:\/\/www.bjcalarasi.ro\/index.php?rest_route=\/wp\/v2\/users\/1"}],"replies":[{"embeddable":true,"href":"https:\/\/www.bjcalarasi.ro\/index.php?rest_route=%2Fwp%2Fv2%2Fcomments&post=7441"}],"version-history":[{"count":16,"href":"https:\/\/www.bjcalarasi.ro\/index.php?rest_route=\/wp\/v2\/pages\/7441\/revisions"}],"predecessor-version":[{"id":7758,"href":"https:\/\/www.bjcalarasi.ro\/index.php?rest_route=\/wp\/v2\/pages\/7441\/revisions\/7758"}],"wp:attachment":[{"href":"https:\/\/www.bjcalarasi.ro\/index.php?rest_route=%2Fwp%2Fv2%2Fmedia&parent=7441"}],"curies":[{"name":"wp","href":"https:\/\/api.w.org\/{rel}","templated":true}]}}